{"id":3316,"date":"2025-08-20T13:06:53","date_gmt":"2025-08-20T13:06:53","guid":{"rendered":"https:\/\/valgehobuse.ee\/?post_type=tribe_events&#038;p=3316"},"modified":"2025-08-21T07:51:20","modified_gmt":"2025-08-21T07:51:20","slug":"estonian-cup-valgehobusemae-rattamaraton-13-septembril","status":"publish","type":"tribe_events","link":"https:\/\/valgehobuse.ee\/ru\/sundmused\/estonian-cup-valgehobusemae-rattamaraton-13-septembril\/","title":{"rendered":"Estonian Cup Valgehobusem\u00e4e Rattamaraton"},"content":{"rendered":"<p data-start=\"63\" data-end=\"287\"><strong data-start=\"63\" data-end=\"107\">Estonian Cup Valgehobusem\u00e4e Rattamaraton<\/strong> toimub Valgehobusem\u00e4el juba 11. korda. Starti on oodata ligi 800 sportlast nii Eestist kui ka v\u00e4lisriikidest. Tegemist on sarja 6. etapiga, mis \u00fchtlasi on ka hooaja finaaletapp.<\/p>\n<p data-start=\"289\" data-end=\"332\">Sel aastal v\u00f5isteldakse kahel distantsil:<\/p>\n<p data-start=\"335\" data-end=\"376\"><strong data-start=\"335\" data-end=\"346\">Maraton<\/strong> 45 km (start kell 12:00)<\/p>\n<p data-start=\"379\" data-end=\"421\"><strong data-start=\"379\" data-end=\"394\">Poolmaraton<\/strong> 22 km (start kell 12:20)<\/p>\n<p data-start=\"423\" data-end=\"482\">Lisaks toimuvad <strong data-start=\"439\" data-end=\"455\">laste s\u00f5idud<\/strong>, mis algavad kell 11:00.<\/p>\n<p data-start=\"484\" data-end=\"549\">Lisainformatsioon: <span style=\"text-decoration: underline;\"><a class=\"decorated-link\" href=\"https:\/\/estoniancup.ee\/\" target=\"_new\" rel=\"noopener\" data-start=\"506\" data-end=\"547\">estoniancup.ee<\/a><\/span><\/p>\n","protected":false},"excerpt":{"rendered":"<p>Estonian Cup Valgehobusem\u00e4e Rattamaraton toimub Valgehobusem\u00e4el juba 11. korda. Starti  [&#8230;]<\/p>\n","protected":false},"author":1,"featured_media":3332,"template":"","meta":{"inline_featured_image":false,"_tribe_events_status":"","_tribe_events_status_reason":"","_tribe_events_is_hybrid":"","_tribe_events_is_virtual":"","_tribe_events_virtual_video_source":"","_tribe_events_virtual_embed_video":"","_tribe_events_virtual_linked_button_text":"","_tribe_events_virtual_linked_button":"","_tribe_events_virtual_show_embed_at":"","_tribe_events_virtual_show_embed_to":[],"_tribe_events_virtual_show_on_event":"","_tribe_events_virtual_show_on_views":"","_tribe_events_virtual_url":"","footnotes":""},"tags":[],"tribe_events_cat":[],"class_list":["post-3316","tribe_events","type-tribe_events","status-publish","has-post-thumbnail","hentry"],"yoast_head":"<!-- This site is optimized with the Yoast SEO plugin v26.7 - https:\/\/yoast.com\/wordpress\/plugins\/seo\/ -->\n<title>Estonian Cup Valgehobusem\u00e4e Rattamaraton - Valgehobuse suusa- ja puhkekeskus<\/title>\n<meta name=\"robots\" content=\"index, follow, max-snippet:-1, max-image-preview:large, max-video-preview:-1\" \/>\n<link rel=\"canonical\" href=\"https:\/\/valgehobuse.ee\/ru\/sundmused\/estonian-cup-valgehobusemae-rattamaraton-13-septembril\/\" \/>\n<meta property=\"og:locale\" content=\"ru_RU\" \/>\n<meta property=\"og:type\" content=\"article\" \/>\n<meta property=\"og:title\" content=\"Estonian Cup Valgehobusem\u00e4e Rattamaraton - Valgehobuse suusa- ja puhkekeskus\" \/>\n<meta property=\"og:description\" content=\"Estonian Cup Valgehobusem\u00e4e Rattamaraton toimub Valgehobusem\u00e4el juba 11. korda. Starti [...]\" \/>\n<meta property=\"og:url\" content=\"https:\/\/valgehobuse.ee\/ru\/sundmused\/estonian-cup-valgehobusemae-rattamaraton-13-septembril\/\" \/>\n<meta property=\"og:site_name\" content=\"Valgehobuse suusa- ja puhkekeskus\" \/>\n<meta property=\"article:modified_time\" content=\"2025-08-21T07:51:20+00:00\" \/>\n<meta property=\"og:image\" content=\"https:\/\/valgehobuse.ee\/wp-content\/uploads\/2025\/08\/2022-POOLMARATONI-START-scaled.jpg\" \/>\n\t<meta property=\"og:image:width\" content=\"2560\" \/>\n\t<meta property=\"og:image:height\" content=\"1920\" \/>\n\t<meta property=\"og:image:type\" content=\"image\/jpeg\" \/>\n<meta name=\"twitter:card\" content=\"summary_large_image\" \/>\n<meta name=\"twitter:label1\" content=\"\u041f\u0440\u0438\u043c\u0435\u0440\u043d\u043e\u0435 \u0432\u0440\u0435\u043c\u044f \u0434\u043b\u044f \u0447\u0442\u0435\u043d\u0438\u044f\" \/>\n\t<meta name=\"twitter:data1\" content=\"1 \u043c\u0438\u043d\u0443\u0442\u0430\" \/>\n<script type=\"application\/ld+json\" class=\"yoast-schema-graph\">{\"@context\":\"https:\/\/schema.org\",\"@graph\":[{\"@type\":\"WebPage\",\"@id\":\"https:\/\/valgehobuse.ee\/ru\/sundmused\/estonian-cup-valgehobusemae-rattamaraton-13-septembril\/\",\"url\":\"https:\/\/valgehobuse.ee\/ru\/sundmused\/estonian-cup-valgehobusemae-rattamaraton-13-septembril\/\",\"name\":\"Estonian Cup Valgehobusem\u00e4e Rattamaraton - Valgehobuse suusa- ja puhkekeskus\",\"isPartOf\":{\"@id\":\"https:\/\/valgehobuse.ee\/ru\/#website\"},\"primaryImageOfPage\":{\"@id\":\"https:\/\/valgehobuse.ee\/ru\/sundmused\/estonian-cup-valgehobusemae-rattamaraton-13-septembril\/#primaryimage\"},\"image\":{\"@id\":\"https:\/\/valgehobuse.ee\/ru\/sundmused\/estonian-cup-valgehobusemae-rattamaraton-13-septembril\/#primaryimage\"},\"thumbnailUrl\":\"https:\/\/valgehobuse.ee\/wp-content\/uploads\/2025\/08\/2022-POOLMARATONI-START-scaled.jpg\",\"datePublished\":\"2025-08-20T13:06:53+00:00\",\"dateModified\":\"2025-08-21T07:51:20+00:00\",\"breadcrumb\":{\"@id\":\"https:\/\/valgehobuse.ee\/ru\/sundmused\/estonian-cup-valgehobusemae-rattamaraton-13-septembril\/#breadcrumb\"},\"inLanguage\":\"ru-RU\",\"potentialAction\":[{\"@type\":\"ReadAction\",\"target\":[\"https:\/\/valgehobuse.ee\/ru\/sundmused\/estonian-cup-valgehobusemae-rattamaraton-13-septembril\/\"]}]},{\"@type\":\"ImageObject\",\"inLanguage\":\"ru-RU\",\"@id\":\"https:\/\/valgehobuse.ee\/ru\/sundmused\/estonian-cup-valgehobusemae-rattamaraton-13-septembril\/#primaryimage\",\"url\":\"https:\/\/valgehobuse.ee\/wp-content\/uploads\/2025\/08\/2022-POOLMARATONI-START-scaled.jpg\",\"contentUrl\":\"https:\/\/valgehobuse.ee\/wp-content\/uploads\/2025\/08\/2022-POOLMARATONI-START-scaled.jpg\",\"width\":2560,\"height\":1920},{\"@type\":\"BreadcrumbList\",\"@id\":\"https:\/\/valgehobuse.ee\/ru\/sundmused\/estonian-cup-valgehobusemae-rattamaraton-13-septembril\/#breadcrumb\",\"itemListElement\":[{\"@type\":\"ListItem\",\"position\":1,\"name\":\"Home\",\"item\":\"https:\/\/valgehobuse.ee\/ru\/\"},{\"@type\":\"ListItem\",\"position\":2,\"name\":\"\u041c\u0435\u0440\u043e\u043f\u0440\u0438\u044f\u0442\u0438\u044f\",\"item\":\"https:\/\/valgehobuse.ee\/ru\/sundmused\/\"},{\"@type\":\"ListItem\",\"position\":3,\"name\":\"Estonian Cup Valgehobusem\u00e4e Rattamaraton\"}]},{\"@type\":\"WebSite\",\"@id\":\"https:\/\/valgehobuse.ee\/ru\/#website\",\"url\":\"https:\/\/valgehobuse.ee\/ru\/\",\"name\":\"Valgehobuse suusa- ja puhkekeskus\",\"description\":\"Kaunis loodus puhkamiseks igal aastaajal\",\"potentialAction\":[{\"@type\":\"SearchAction\",\"target\":{\"@type\":\"EntryPoint\",\"urlTemplate\":\"https:\/\/valgehobuse.ee\/ru\/?s={search_term_string}\"},\"query-input\":{\"@type\":\"PropertyValueSpecification\",\"valueRequired\":true,\"valueName\":\"search_term_string\"}}],\"inLanguage\":\"ru-RU\"}]}<\/script>\n<!-- \/ Yoast SEO plugin. -->","yoast_head_json":{"title":"Estonian Cup Valgehobusem\u00e4e Rattamaraton - Valgehobuse suusa- ja puhkekeskus","robots":{"index":"index","follow":"follow","max-snippet":"max-snippet:-1","max-image-preview":"max-image-preview:large","max-video-preview":"max-video-preview:-1"},"canonical":"https:\/\/valgehobuse.ee\/ru\/sundmused\/estonian-cup-valgehobusemae-rattamaraton-13-septembril\/","og_locale":"ru_RU","og_type":"article","og_title":"Estonian Cup Valgehobusem\u00e4e Rattamaraton - Valgehobuse suusa- ja puhkekeskus","og_description":"Estonian Cup Valgehobusem\u00e4e Rattamaraton toimub Valgehobusem\u00e4el juba 11. korda. Starti [...]","og_url":"https:\/\/valgehobuse.ee\/ru\/sundmused\/estonian-cup-valgehobusemae-rattamaraton-13-septembril\/","og_site_name":"Valgehobuse suusa- ja puhkekeskus","article_modified_time":"2025-08-21T07:51:20+00:00","og_image":[{"width":2560,"height":1920,"url":"https:\/\/valgehobuse.ee\/wp-content\/uploads\/2025\/08\/2022-POOLMARATONI-START-scaled.jpg","type":"image\/jpeg"}],"twitter_card":"summary_large_image","twitter_misc":{"\u041f\u0440\u0438\u043c\u0435\u0440\u043d\u043e\u0435 \u0432\u0440\u0435\u043c\u044f \u0434\u043b\u044f \u0447\u0442\u0435\u043d\u0438\u044f":"1 \u043c\u0438\u043d\u0443\u0442\u0430"},"schema":{"@context":"https:\/\/schema.org","@graph":[{"@type":"WebPage","@id":"https:\/\/valgehobuse.ee\/ru\/sundmused\/estonian-cup-valgehobusemae-rattamaraton-13-septembril\/","url":"https:\/\/valgehobuse.ee\/ru\/sundmused\/estonian-cup-valgehobusemae-rattamaraton-13-septembril\/","name":"Estonian Cup Valgehobusem\u00e4e Rattamaraton - Valgehobuse suusa- ja puhkekeskus","isPartOf":{"@id":"https:\/\/valgehobuse.ee\/ru\/#website"},"primaryImageOfPage":{"@id":"https:\/\/valgehobuse.ee\/ru\/sundmused\/estonian-cup-valgehobusemae-rattamaraton-13-septembril\/#primaryimage"},"image":{"@id":"https:\/\/valgehobuse.ee\/ru\/sundmused\/estonian-cup-valgehobusemae-rattamaraton-13-septembril\/#primaryimage"},"thumbnailUrl":"https:\/\/valgehobuse.ee\/wp-content\/uploads\/2025\/08\/2022-POOLMARATONI-START-scaled.jpg","datePublished":"2025-08-20T13:06:53+00:00","dateModified":"2025-08-21T07:51:20+00:00","breadcrumb":{"@id":"https:\/\/valgehobuse.ee\/ru\/sundmused\/estonian-cup-valgehobusemae-rattamaraton-13-septembril\/#breadcrumb"},"inLanguage":"ru-RU","potentialAction":[{"@type":"ReadAction","target":["https:\/\/valgehobuse.ee\/ru\/sundmused\/estonian-cup-valgehobusemae-rattamaraton-13-septembril\/"]}]},{"@type":"ImageObject","inLanguage":"ru-RU","@id":"https:\/\/valgehobuse.ee\/ru\/sundmused\/estonian-cup-valgehobusemae-rattamaraton-13-septembril\/#primaryimage","url":"https:\/\/valgehobuse.ee\/wp-content\/uploads\/2025\/08\/2022-POOLMARATONI-START-scaled.jpg","contentUrl":"https:\/\/valgehobuse.ee\/wp-content\/uploads\/2025\/08\/2022-POOLMARATONI-START-scaled.jpg","width":2560,"height":1920},{"@type":"BreadcrumbList","@id":"https:\/\/valgehobuse.ee\/ru\/sundmused\/estonian-cup-valgehobusemae-rattamaraton-13-septembril\/#breadcrumb","itemListElement":[{"@type":"ListItem","position":1,"name":"Home","item":"https:\/\/valgehobuse.ee\/ru\/"},{"@type":"ListItem","position":2,"name":"\u041c\u0435\u0440\u043e\u043f\u0440\u0438\u044f\u0442\u0438\u044f","item":"https:\/\/valgehobuse.ee\/ru\/sundmused\/"},{"@type":"ListItem","position":3,"name":"Estonian Cup Valgehobusem\u00e4e Rattamaraton"}]},{"@type":"WebSite","@id":"https:\/\/valgehobuse.ee\/ru\/#website","url":"https:\/\/valgehobuse.ee\/ru\/","name":"Valgehobuse suusa- ja puhkekeskus","description":"Kaunis loodus puhkamiseks igal aastaajal","potentialAction":[{"@type":"SearchAction","target":{"@type":"EntryPoint","urlTemplate":"https:\/\/valgehobuse.ee\/ru\/?s={search_term_string}"},"query-input":{"@type":"PropertyValueSpecification","valueRequired":true,"valueName":"search_term_string"}}],"inLanguage":"ru-RU"}]}},"_links":{"self":[{"href":"https:\/\/valgehobuse.ee\/ru\/wp-json\/wp\/v2\/tribe_events\/3316","targetHints":{"allow":["GET"]}}],"collection":[{"href":"https:\/\/valgehobuse.ee\/ru\/wp-json\/wp\/v2\/tribe_events"}],"about":[{"href":"https:\/\/valgehobuse.ee\/ru\/wp-json\/wp\/v2\/types\/tribe_events"}],"author":[{"embeddable":true,"href":"https:\/\/valgehobuse.ee\/ru\/wp-json\/wp\/v2\/users\/1"}],"version-history":[{"count":5,"href":"https:\/\/valgehobuse.ee\/ru\/wp-json\/wp\/v2\/tribe_events\/3316\/revisions"}],"predecessor-version":[{"id":3340,"href":"https:\/\/valgehobuse.ee\/ru\/wp-json\/wp\/v2\/tribe_events\/3316\/revisions\/3340"}],"wp:featuredmedia":[{"embeddable":true,"href":"https:\/\/valgehobuse.ee\/ru\/wp-json\/wp\/v2\/media\/3332"}],"wp:attachment":[{"href":"https:\/\/valgehobuse.ee\/ru\/wp-json\/wp\/v2\/media?parent=3316"}],"wp:term":[{"taxonomy":"post_tag","embeddable":true,"href":"https:\/\/valgehobuse.ee\/ru\/wp-json\/wp\/v2\/tags?post=3316"},{"taxonomy":"tribe_events_cat","embeddable":true,"href":"https:\/\/valgehobuse.ee\/ru\/wp-json\/wp\/v2\/tribe_events_cat?post=3316"}],"curies":[{"name":"wp","href":"https:\/\/api.w.org\/{rel}","templated":true}]}}

Estonian Cup Valgehobusemäe Rattamaraton

<p data-start="63" data-end="287"><strong data-start="63" data-end="107">Estonian Cup Valgehobusemäe Rattamaraton</strong> toimub Valgehobusemäel juba 11. korda. Starti on oodata ligi 800 sportlast nii Eestist kui ka välisriikidest. Tegemist on sarja 6. etapiga, mis ühtlasi on ka hooaja finaaletapp.</p>
<p data-start="289" data-end="332">Sel aastal võisteldakse kahel distantsil:</p>
<p data-start="335" data-end="376"><strong data-start="335" data-end="346">Maraton</strong> 45 km (start kell 12:00)</p>
<p data-start="379" data-end="421"><strong data-start="379" data-end="394">Poolmaraton</strong> 22 km (start kell 12:20)</p>
<p data-start="423" data-end="482">Lisaks toimuvad <strong data-start="439" data-end="455">laste sõidud</strong>, mis algavad kell 11:00.</p>
<p data-start="484" data-end="549">Lisainformatsioon: <span style="text-decoration: underline;"><a class="decorated-link" href="https://estoniancup.ee/" target="_new" rel="noopener" data-start="506" data-end="547">estoniancup.ee</a></span></p>

<p>Estonian Cup Valgehobusemäe Rattamaraton toimub Valgehobusemäel juba 11. korda. Starti  [&#8230;]</p>

<!-- This site is optimized with the Yoast SEO plugin v26.7 - https://yoast.com/wordpress/plugins/seo/ -->
<title>Estonian Cup Valgehobusemäe Rattamaraton - Valgehobuse suusa- ja puhkekeskus</title>
<meta name="robots" content="index, follow, max-snippet:-1, max-image-preview:large, max-video-preview:-1" />
<link rel="canonical" href="https://valgehobuse.ee/ru/sundmused/estonian-cup-valgehobusemae-rattamaraton-13-septembril/" />
<meta property="og:locale" content="ru_RU" />
<meta property="og:type" content="article" />
<meta property="og:title" content="Estonian Cup Valgehobusemäe Rattamaraton - Valgehobuse suusa- ja puhkekeskus" />
<meta property="og:description" content="Estonian Cup Valgehobusemäe Rattamaraton toimub Valgehobusemäel juba 11. korda. Starti [...]" />
<meta property="og:url" content="https://valgehobuse.ee/ru/sundmused/estonian-cup-valgehobusemae-rattamaraton-13-septembril/" />
<meta property="og:site_name" content="Valgehobuse suusa- ja puhkekeskus" />
<meta property="article:modified_time" content="2025-08-21T07:51:20+00:00" />
<meta property="og:image" content="https://valgehobuse.ee/wp-content/uploads/2025/08/2022-POOLMARATONI-START-scaled.jpg" />
	<meta property="og:image:width" content="2560" />
	<meta property="og:image:height" content="1920" />
	<meta property="og:image:type" content="image/jpeg" />
<meta name="twitter:card" content="summary_large_image" />
<meta name="twitter:label1" content="Примерное время для чтения" />
	<meta name="twitter:data1" content="1 минута" />
<script type="application/ld+json" class="yoast-schema-graph">{"@context":"https://schema.org","@graph":[{"@type":"WebPage","@id":"https://valgehobuse.ee/ru/sundmused/estonian-cup-valgehobusemae-rattamaraton-13-septembril/","url":"https://valgehobuse.ee/ru/sundmused/estonian-cup-valgehobusemae-rattamaraton-13-septembril/","name":"Estonian Cup Valgehobusemäe Rattamaraton - Valgehobuse suusa- ja puhkekeskus","isPartOf":{"@id":"https://valgehobuse.ee/ru/#website"},"primaryImageOfPage":{"@id":"https://valgehobuse.ee/ru/sundmused/estonian-cup-valgehobusemae-rattamaraton-13-septembril/#primaryimage"},"image":{"@id":"https://valgehobuse.ee/ru/sundmused/estonian-cup-valgehobusemae-rattamaraton-13-septembril/#primaryimage"},"thumbnailUrl":"https://valgehobuse.ee/wp-content/uploads/2025/08/2022-POOLMARATONI-START-scaled.jpg","datePublished":"2025-08-20T13:06:53+00:00","dateModified":"2025-08-21T07:51:20+00:00","breadcrumb":{"@id":"https://valgehobuse.ee/ru/sundmused/estonian-cup-valgehobusemae-rattamaraton-13-septembril/#breadcrumb"},"inLanguage":"ru-RU","potentialAction":[{"@type":"ReadAction","target":["https://valgehobuse.ee/ru/sundmused/estonian-cup-valgehobusemae-rattamaraton-13-septembril/"]}]},{"@type":"ImageObject","inLanguage":"ru-RU","@id":"https://valgehobuse.ee/ru/sundmused/estonian-cup-valgehobusemae-rattamaraton-13-septembril/#primaryimage","url":"https://valgehobuse.ee/wp-content/uploads/2025/08/2022-POOLMARATONI-START-scaled.jpg","contentUrl":"https://valgehobuse.ee/wp-content/uploads/2025/08/2022-POOLMARATONI-START-scaled.jpg","width":2560,"height":1920},{"@type":"BreadcrumbList","@id":"https://valgehobuse.ee/ru/sundmused/estonian-cup-valgehobusemae-rattamaraton-13-septembril/#breadcrumb","itemListElement":[{"@type":"ListItem","position":1,"name":"Home","item":"https://valgehobuse.ee/ru/"},{"@type":"ListItem","position":2,"name":"Мероприятия","item":"https://valgehobuse.ee/ru/sundmused/"},{"@type":"ListItem","position":3,"name":"Estonian Cup Valgehobusemäe Rattamaraton"}]},{"@type":"WebSite","@id":"https://valgehobuse.ee/ru/#website","url":"https://valgehobuse.ee/ru/","name":"Valgehobuse suusa- ja puhkekeskus","description":"Kaunis loodus puhkamiseks igal aastaajal","potentialAction":[{"@type":"SearchAction","target":{"@type":"EntryPoint","urlTemplate":"https://valgehobuse.ee/ru/?s={search_term_string}"},"query-input":{"@type":"PropertyValueSpecification","valueRequired":true,"valueName":"search_term_string"}}],"inLanguage":"ru-RU"}]}</script>
<!-- / Yoast SEO plugin. -->

Estonian Cup Valgehobusemäe Rattamaraton - Valgehobuse suusa- ja puhkekeskus

Estonian Cup Valgehobusemäe Rattamaraton toimub Valgehobusemäel juba 11. korda. Starti [...]

1 минута

Мероприятия
